et o = x + 15. What is the units digit of o?
4
Let f = -59 - -93. What is the units digit of f?
4
Let u(h) = -28*h + 5. What is the units digit of u(-3)?
9
Let h = -5 + 6. Suppose v = d + h, 5*d + 6*v - 35 = v. What is the units digit of d?
3
Let g be (-54)/((-30)/(-9) + -3). What is the tens digit of (g/8)/((-12)/32)?
5
Let h = -6 - -6. Suppose 3*m + 2*n - 26 = h, 2 = -4*n - 18. What is the units digit of m?
2
Let l(x) = -x**3 - 23*x**2 - 16*x - 19. What is the units digit of l(-23)?
9
Suppose -8*v - 6 = -3*v - 4*g, -3*v + 4*g - 2 = 0. What is the units digit of v + 3 + (8 - 0)?
9
Let q be -1 + -48 + 1 + 0. Let x be (3/(-6))/(1/q). Let o = -16 + x. What is the units digit of o?
8
Suppose -2*f + 6*f = 372. What is the tens digit of f?
9
Suppose 0 = 9*h - 1202 + 302. What is the hundreds digit of h?
1
Let c(y) be the third derivative of y**4/24 + 7*y**3/6 + y**2. What is the units digit of c(-5)?
2
Let u = -109 + 128. What is the units digit of u?
9
Suppose 2*g + 230 = -g + 2*x, -2 = x. Let t = 109 + g. What is the units digit of t?
1
Let k = -113 + 159. What is the units digit of k?
6
Let w = -170 - -375. What is the hundreds digit of w?
2
What is the units digit of (-1)/((-2)/(-60)*-1)?
0
Let p be (-4)/6*27/(-6). Suppose 10 = 2*j, -p*d + j + 50 = -j. What is the units digit of d?
0
Let c = -9 + 11. Suppose 3*f = s - 6*s + 74, -c*s + 26 = 3*f. What is the units digit of s?
6
Let g be (-2)/(-8) - 1/4. Suppose 7*h - 53 - 10 = g. What is the units digit of h?
9
Suppose -2*t = 3*x - 2*x + 4, -x - 10 = 5*t. What is the units digit of (t - (-5)/4)*-4?
3
Let m be (0 - -4) + (-2 - 0). Suppose 3*n + 2 = 4*u - 2, -4*u + 8 = -2*n. What is the units digit of (1/2)/(m/n)?
1
Suppose t = -2 + 3. Suppose -8 = b - 2*y - t, 26 = 2*b + 4*y. What is the units digit of 15/(0 + b) + 2?
7
Let w be 13/(-3)*(-3 - 0). Suppose z - 6 = w. Let b = z - 8. What is the tens digit of b?
1
Suppose 4*d + 65 = 2*b + 11, -4*b + 60 = 4*d. Let m = b - 3. Let i = -10 + m. What is the units digit of i?
6
Let y be 25*1/((-5)/6). Let v = -17 - y. What is the units digit of v?
3
Let s(k) = -17*k**3 + k - 1. Let j be s(1). Let v = 31 + j. Suppose -8 = -h - p, -8 - v = -4*h + p. What is the units digit of h?
6
Let q(g) = -g**3 - g**2 + 2*g + 2. Let y be q(-3). Suppose -4*l + 6 = y. What is the units digit of -3*(-1 - l/3)?
1
Suppose 0 = i - 5 + 3. Let z be (-2*i)/(-2 + 0). Let w = z - -6. What is the units digit of w?
8
Let h = -9 - 5. What is the units digit of (0 - h)*8/16?
7
Let w(f) = 5*f - 3. Let m(v) = 2*v - 2. Let i(j) = -9*m(j) + 4*w(j). What is the units digit of i(6)?
8
Suppose -3*j + 12 = -0*j. Suppose -36 = -j*n + 8. What is the tens digit of n?
1
Suppose -5*t = 3*o - 54, 3*o = 5*t + 10 - 46. What is the units digit of t?
9
Let y(a) = 26*a - 1. Let t be y(2). Suppose -4*n = 3*k - 3*n - 57, -n - t = -3*k. What is the units digit of k?
8
Let j(z) = -z**2 + 8*z - 6. What is the units digit of j(5)?
9
Let a = 15 + -30. Let d be (18/a)/2*-5. Suppose x - 4*f - 24 = 0, -d*f + 8*f = -25. What is the units digit of x?
4
Suppose 3*c + 0*c - 9 = 0. Suppose -c = n + 2. Let j(d) = -d**2 - 8*d - 7. What is the units digit of j(n)?
8
Let x(d) = 17*d**2 + 2*d - 1. What is the hundreds digit of x(-5)?
4
Let o(i) = -i - 4. Let l be o(-8). Suppose -11 = -m - 2*z, z = 5*m - l*z - 55. What is the units digit of m?
1
Let n be 2/3*3 + 16. Suppose p = 0, -5*p = 5*v - 2*v - n. What is the units digit of v?
6
Let o be (-54)/15 - (-6)/10. Let m(l) = 2*l**2 - 7*l + 17. Let d(r) = r**2 - 3*r + 8. Let x(c) = 9*d(c) - 4*m(c). What is the tens digit of x(o)?
1
Suppose 0*w - 2*w = 0. Suppose 2*y = 2*r + y - 11, 2*r + 5*y + 19 = w. What is the tens digit of r/((-2)/(-8) + 0)?
1
Suppose 5*q - 165 = -3*o, -5*q - 2*o - 6 + 166 = 0. Let i = 43 - q. Suppose -2*n = -9 - i. What is the units digit of n?
1
Let k be 0 + (-1 + 1)/2. Suppose -o + 5 + 8 = k. Let t = o + -4. What is the units digit of t?
9
Let w(g) = -23*g - 48. What is the hundreds digit of w(-9)?
1
Let w(v) = v**3 + 6*v**2 - v - 5. Let l(u) = 5*u**3 - 2*u**2 + 1. Let b be l(-1). What is the units digit of w(b)?
1
Let h(s) = -5*s**3 + 16*s**2 + 2*s - 35. Let p(o) = -2*o**3 + 5*o**2 + o - 12. Let b(w) = 3*h(w) - 8*p(w). What is the units digit of b(-8)?
7
Let q(t) = t**3 + t**2 - 2*t + 4. Let m be q(0). Let y(w) = w - 4. Let p be y(4). Let l = p + m. What is the units digit of l?
4
Let a = 109 - 63. What is the tens digit of a?
4
Let y(q) = 9*q**2 - 2*q + 1. Suppose -4*i + 9 = -15. Suppose -i*o + 1 = -5*o. What is the units digit of y(o)?
8
Let s(b) = -8*b**3 + 2*b**2 + b. Let i be s(-1). Suppose -i = 4*m + 11. Let t = -4 - m. What is the units digit of t?
1
Suppose 0 = 4*i + 2*x - 310, 3*x = -2*i - i + 231. Let o = i - 30. What is the units digit of o?
8
Suppose -2*m = 6, 2*w + 4 = -2*m + 2. Suppose 3*c + 2*c + w*r = 14, c - r = 0. What is the units digit of c?
2
Let u(c) = -c**2 - 8*c + 6. Suppose 2*v - 17 = 9. Suppose -2*h - v = 1. What is the units digit of u(h)?
3
What is the units digit of (-1)/4 - 193/(-4)?
8
Let u = -4 - -9. Suppose u*w - 104 = 116. What is the units digit of w?
4
Let a = 7 + -6. What is the units digit of (a + 3 - 3)/1?
1
What is the tens digit of (505/2)/(-5)*-2?
0
Suppose 4*l - 5*u - 18 = -303, 3*u = 3*l + 213. Let r = -49 - l. What is the units digit of r?
1
Suppose -4*n + 91 = 3*n. What is the tens digit of n?
1
Suppose 5*x = 9*x - 24. What is the units digit of x?
6
Let o = 3 - 1. Let z be 0/(-3*6/9). Suppose -w = 4*x - z*w - 27, -o*w - 2 = 0. What is the units digit of x?
7
Let t = -4 - -6. Let p be (0 + 3 - t) + 2. Let w = p + -2. What is the units digit of w?
1
Suppose -5 = 5*x - 6*x. Suppose -v - 2*v + x*d + 146 = 0, -4*v - 4*d = -184. What is the units digit of v?
7
What is the tens digit of 63 + 12/(-4) + 2?
6
What is the units digit of (2/(-6))/((-3)/207)?
3
Let o be -3 - (0/3 + 23). What is the units digit of (-30)/o - (-16)/(-104)?
1
Suppose 0 = h + 2*b + 1, -6*b = 5*h - 2*b - 19. What is the units digit of h?
7
Suppose -2*j + 3*d = 4, -6 + 2 = -d. Let b be -1 - -1 - -10 - 1. Let z = j + b. What is the units digit of z?
3
Suppose 2*l = 0, d + l = -2*d + 18. Suppose -30 = -2*k - d. What is the tens digit of k?
1
What is the tens digit of (-1)/6 - (-10863)/54?
0
Let m be (-8 + -2)*-5 - 2. Let q be (0 - -2)/(7/14). Suppose i + m = q*i. What is the tens digit of i?
1
Let w(d) = d**2 - 5*d + 9. Let c be w(6). Let o = 36 - c. Let f = o + -10. What is the tens digit of f?
1
Suppose -n + 1 = -1. Suppose -2*g - 3*g = 3*i - 62, 2*g = -4*i + 36. Suppose -g = -n*m + 2. What is the units digit of m?
6
Let u = -74 - -126. What is the units digit of u?
2
Let v(a) = 3 - a**2 - 6*a - 4 + 2 + a. What is the units digit of v(-4)?
5
What is the units digit of -11*3/(9/(-60))?
0
Let q(i) = -i**3 + 9*i**2 + i - 11. Let t be q(9). Let w be (9 + -1 - t) + -1. Suppose 2*p - j - w = 15, -2*p + 5*j + 16 = 0. What is the units digit of p?
3
Suppose -2*j + 2*u = 112, 3*u + 24 - 74 = j. Let s = j - -84. What is the units digit of s?
5
Suppose -2*q + 23 = 5*v + 2*q, -3*v + 24 = -q. Let a = v - 5. Suppose 5*l + 5 = -0, -a*f - l = -17. What is the units digit of f?
9
Suppose 719 = 5*h + 264. What is the tens digit of h?
9
What is the units digit of 9/5 + (-84)/105?
1
Let c(v) = -v**2 + 5*v. Let n be c(3). Let f = 14 - n. Suppose 0 = g - 4*b + 5, 3*b - f = -g + 15. What is the units digit of g?
1
Suppose -o + 0*b + 2*b + 20 = 0, 0 = 5*o - 3*b - 72. Let z(a) = -a**2 - 3*a + 17. Let r be z(-5). Let m = o - r. What is the units digit of m?
5
Let g(c) = c**3 - 11*c**2 - 4. Let l be g(11). Let q = 41 + l. What is the units digit of q?
7
Let s(w) = 21*w + 33. What is the hundreds digit of s(8)?
2
Let y = -127 - -215. Suppose -4*q + 2*q = 3*x - y, 5*q - 145 = -5*x. What is the tens digit of x?
3
Suppose 4*i + 216 = g, -3*g + g + 426 = -2*i. What is the units digit of g?
2
Suppose 4*z = 2*z. Let l(a) = 1 - a**3 - 4*a**2 - 4*a + z + 3*a. What is the units digit of l(-4)?
5
Let r be -4 + 2 + -1 + 3. Suppose r = 4*f - 3*f - 20. What is the units digit of f?
0
Suppose 4*p + 3*b + 39 = -0*p, 0 = -4*b + 12. Let n = -8 - p. Suppose s = n*d + 22, -5*d - 26 = -0*s - s. What is the units digit of s?
6
Let c = 199 - 136. What is the tens digit of c?
6
Let p(u) = 2